at is the ten thousands digit of 225195?
2
What is the units digit of 2879085?
5
What is the ten thousands digit of 8363220?
6
What is the millions digit of 3416029?
3
What is the ten thousands digit of 7278149?
7
What is the hundred thousands digit of 31859866?
8
What is the hundred thousands digit of 427797?
4
What is the hundred thousands digit of 422413?
4
What is the thousands digit of 287959?
7
What is the hundred thousands digit of 17106830?
1
What is the thousands digit of 777656?
7
What is the thousands digit of 4198719?
8
What is the units digit of 17094268?
8
What is the thousands digit of 795048?
5
What is the millions digit of 3313360?
3
What is the millions digit of 13656835?
3
What is the hundred thousands digit of 956629?
9
What is the hundreds digit of 88343?
3
What is the thousands digit of 15343075?
3
What is the thousands digit of 1336793?
6
What is the tens digit of 77610?
1
What is the thousands digit of 98179?
8
What is the hundred thousands digit of 288808?
2
What is the millions digit of 39813235?
9
What is the millions digit of 4867604?
4
What is the hundreds digit of 7773735?
7
What is the tens digit of 5138001?
0
What is the hundred thousands digit of 5318616?
3
What is the thousands digit of 249524?
9
What is the units digit of 2330997?
7
What is the millions digit of 7312743?
7
What is the ten thousands digit of 5164087?
6
What is the hundred thousands digit of 154784?
1
What is the units digit of 5943098?
8
What is the millions digit of 1455989?
1
What is the hundred thousands digit of 3367563?
3
What is the tens digit of 254221?
2
What is the hundred thousands digit of 974999?
9
What is the hundred thousands digit of 1304194?
3
What is the hundreds digit of 1583588?
5
What is the hundreds digit of 24930?
9
What is the thousands digit of 1032926?
2
What is the hundred thousands digit of 708360?
7
What is the tens digit of 794855?
5
What is the thousands digit of 1551889?
1
What is the units digit of 102757?
7
What is the tens digit of 2216628?
2
What is the thousands digit of 1825342?
5
What is the thousands digit of 119676?
9
What is the tens digit of 26885981?
8
What is the thousands digit of 1976974?
6
What is the tens digit of 965984?
8
What is the thousands digit of 392609?
2
What is the thousands digit of 9865387?
5
What is the hundred thousands digit of 1164579?
1
What is the thousands digit of 204302?
4
What is the hundred thousands digit of 924050?
9
What is the tens digit of 199874?
7
What is the ten thousands digit of 52701?
5
What is the hundreds digit of 146173?
1
What is the hundred thousands digit of 1667789?
6
What is the units digit of 6268805?
5
What is the tens digit of 7537731?
3
What is the units digit of 229223?
3
What is the hundreds digit of 10399032?
0
What is the millions digit of 1851358?
1
What is the thousands digit of 140157?
0
What is the hundreds digit of 233569?
5
What is the ten thousands digit of 4818394?
1
What is the thousands digit of 151467?
1
What is the tens digit of 496202?
0
What is the hundreds digit of 23900570?
5
What is the millions digit of 11636266?
1
What is the tens digit of 21670582?
8
What is the thousands digit of 280688?
0
What is the ten thousands digit of 2661201?
6
What is the tens digit of 4043852?
5
What is the thousands digit of 1487372?
7
What is the units digit of 20530871?
1
What is the millions digit of 1469492?
1
What is the units digit of 223438?
8
What is the thousands digit of 380837?
0
What is the tens digit of 577610?
1
What is the tens digit of 581578?
7
What is the tens digit of 1083365?
6
What is the ten millions digit of 14007631?
1
What is the hundreds digit of 3802476?
4
What is the ten millions digit of 12607227?
1
What is the hundred thousands digit of 3800461?
8
What is the ten thousands digit of 81466?
8
What is the hundred thousands digit of 202101?
2
What is the units digit of 5176293?
3
What is the hundred thousands digit of 21276230?
2
What is the tens digit of 1211208?
0
What is the ten thousands digit of 5104823?
0
What is the tens digit of 3573118?
1
What is the millions digit of 11926490?
1
What is the thousands digit of 5743277?
3
What is the hundreds digit of 676443?
4
What is the ten thousands digit of 271998?
7
What is the units digit of 7489996?
6
What is the ten thousands digit of 11256746?
5
What is the hundred thousands digit of 17671385?
6
What is the hundred thousands digit of 394356?
3
What is the tens digit of 3444999?
9
What is the thousands digit of 357546?
7
What is the ten thousands digit of 13553118?
5
What is the thousands digit of 78439?
8
What is the tens digit of 41583?
8
What is the tens digit of 190674?
7
What is the ten thousands digit of 9768507?
6
What is the millions digit of 1419441?
1
What is the ten thousands digit of 414962?
1
What is the ten thousands digit of 3262278?
6
What is the millions digit of 3033641?
3
What is the ten thousands digit of 11265?
1
What is the hundred thousands digit of 9024843?
0
What is the hundred thousands digit of 2256437?
2
What is the hundreds digit of 1062118?
1
What is the tens digit of 19991816?
1
What is the hundred thousands digit of 287915?
2
What is the hundred thousands digit of 1276658?
2
What is the tens digit of 9230475?
7
What is the hundreds digit of 2092173?
1
What is the ten thousands digit of 446663?
4
What is the units digit of 521832?
2
What is the thousands digit of 33944?
3
What is the hundred thousands digit of 639583?
6
What is the hundreds digit of 101413?
4
What is the units digit of 280951?
1
What is the ten thousands digit of 218196?
1
What is the hundreds digit of 1039526?
5
What is the hundreds digit of 308401?
4
What is the tens digit of 6463290?
9
What is the ten thousands digit of 276415?
7
What is the hundreds digit of 231555?
5
What is the tens digit of 920021?
2
What is the millions digit of 17096754?
7
What is the ten thousands digit of 19531171?
3
What is the units digit of 589747?
7
What is the hundred thousands digit of 248722?
2
What is the thousands digit of 588151?
8
What is the units digit of 190108?
8
What is the tens digit of 493454?
5
What is the thousands digit of 2233282?
3
What is the units digit of 306700?
0
What is the thousands digit of 279464?
9
What is the thousands digit of 285713?
5
What is the units digit of 115114?
4
What is the millions digit of 14207942?
4
What is the hundred thousands digit of 260310?
2
What is the hundreds digit of 67974?
9
What is the hundred thousands digit of 1169098?
1
What is the tens digit of 373616?
1
What is the hundred thousands digit of 9037259?
0
What is the hundreds digit of 1725527?
5
What is the hundreds digit of 1437799?
7
What is the millions digit of 3090620?
3
What is the millions digit of 4824393?
4
What is the thousands digit of 497929?
7
What is the thousands digit of 566359?
6
What is the ten thousands digit of 14409392?
0
What is the millions digit of 5718436?
5
What is the tens digit of 12875180?
8
What is the hundred thousands digit of 17472389?
4
What is the thousands digit of 1075768?
5
What is the tens digit of 16087?
8
What is the tens digit of 294951?
5
What is the hundred thousands digit of 144928?
1
What is the tens digit of 6133505?
0
What is the tens digit of 292789?
8
What is the hundreds digit of 21305742?
7
What is the hundred thousands digit of 5329226?
3
What is the tens digit of 448674?
7
What is the millions digit of 4331501?
4
What is the hundreds digit of 6918?
9
What is the units digit of 1406541?
1
What is the ten thousands digit of 16881669?
8
What is the units digit of 3633979?
9
What is the units digit of 524312?
2
What is the thousands digit of 2875025?
5
What is the tens digit of 163264?
6
What is the ten thousands digit of 1750653?
5
What is the millions digit of 1885941?
1
What is the units digit of 76763?
3
What is the tens digit of 6598237?
3
What is the tens digit of 239758?
5
What is the thousands digit of 447682?
7
What is the ten thousands digit of 1747868?
4
What is the ten thousands digit of 11474266?
7
What is the thousands digit of 406788?
6
What is the hundreds digit of 211958?
9
What is the units digit of 1394168?
8
What is the thousands digit of 3777818?
7
What is the thousands digit of 2491899?
1
What is the hundreds d